{"id":373,"date":"2020-12-28T15:12:59","date_gmt":"2020-12-28T14:12:59","guid":{"rendered":"http:\/\/bildwerfer.de\/?page_id=373"},"modified":"2021-04-11T13:50:25","modified_gmt":"2021-04-11T11:50:25","slug":"tokio","status":"publish","type":"page","link":"https:\/\/bildwerfer.de\/?page_id=373","title":{"rendered":"Tokio"},"content":{"rendered":"<p><img decoding=\"async\" loading=\"lazy\" class=\"size-medium wp-image-261 alignright\" src=\"https:\/\/bildwerfer.de\/wp-content\/uploads\/2020\/07\/tokio-im-hof-2-300x246.jpg\" alt=\"\" width=\"300\" height=\"246\" srcset=\"https:\/\/bildwerfer.de\/wp-content\/uploads\/2020\/07\/tokio-im-hof-2-300x246.jpg 300w, https:\/\/bildwerfer.de\/wp-content\/uploads\/2020\/07\/tokio-im-hof-2-1024x840.jpg 1024w, https:\/\/bildwerfer.de\/wp-content\/uploads\/2020\/07\/tokio-im-hof-2-768x630.jpg 768w, https:\/\/bildwerfer.de\/wp-content\/uploads\/2020\/07\/tokio-im-hof-2-1536x1260.jpg 1536w, https:\/\/bildwerfer.de\/wp-content\/uploads\/2020\/07\/tokio-im-hof-2-1870x1534.jpg 1870w, https:\/\/bildwerfer.de\/wp-content\/uploads\/2020\/07\/tokio-im-hof-2-400x328.jpg 400w, https:\/\/bildwerfer.de\/wp-content\/uploads\/2020\/07\/tokio-im-hof-2-800x656.jpg 800w, https:\/\/bildwerfer.de\/wp-content\/uploads\/2020\/07\/tokio-im-hof-2.jpg 1892w\" sizes=\"(max-width: 300px) 100vw, 300px\" \/><\/p>\n<p>Thomas Kirchberg entdeckte fr\u00fch seine Leidenschaft f\u00fcr den Film und deb\u00fctierte mit seinem Kurz- Animationsfilm \u201eTEN\u201c auf den 4. Heidelberger Film und Videotagen, der p\u00e4dagogische Ansatz und das optimistische Ende lie\u00df den Film auf Festivals in der ganzen Republik laufen. \u00dcber Filmprojektionen in Theaterst\u00fccken und \u00fcber die Produktion von mittlerweile \u00fcber 30 Musikvideos kam er zum Werbefilm und zur Gr\u00fcndung einer ersten Produktionsfirma (SurfCut). Mittlerweile arbeitet er seit 25 Jahren hauptberuflich als freischaffender Filmemacher.<\/p>\n<p>&nbsp;<\/p>\n<p><img decoding=\"async\" loading=\"lazy\" class=\"size-medium wp-image-260 alignleft\" src=\"https:\/\/bildwerfer.de\/wp-content\/uploads\/2020\/07\/IMG_5504-300x200.jpg\" alt=\"\" width=\"300\" height=\"200\" srcset=\"https:\/\/bildwerfer.de\/wp-content\/uploads\/2020\/07\/IMG_5504-300x200.jpg 300w, https:\/\/bildwerfer.de\/wp-content\/uploads\/2020\/07\/IMG_5504-400x267.jpg 400w, https:\/\/bildwerfer.de\/wp-content\/uploads\/2020\/07\/IMG_5504.jpg 640w\" sizes=\"(max-width: 300px) 100vw, 300px\" \/><\/p>\n<p>Durch diese Besch\u00e4ftigung und diversen Dozentent\u00e4tigkeit ist er 2001 in den Vorstand der Landesarbeitsgemeinschaft Jugend und Film Niedersachsen berufen worden. Hier ist er f\u00fcr die praktische Jugendfilmarbeit als Sprecher der jungen Medienszene Niedersachsen zust\u00e4ndig. Seit 2019 sitzt er auch in den Vorst\u00e4nden der LKJ Niedersachsen und des Bundesverbands Jugend und Film. 2020 wurde er zum Vorsitzenden des Landesarbeitsgemeinschaft Jugend und Film Niedersachsen und zum stellvertretenden Vorsitzenden des Bundesverbands Jugend und Film gew\u00e4hlt. Dar\u00fcber hinaus sitzt er in den Auswahlgremien des Kinoprogrammpreises Niedersachsen\/Bremen (Nordmedia) und des Jugendkulturpreises Niedersachsen (Stiftung Niedersachsen).<\/p>\n<p>&nbsp;<\/p>\n<p><img decoding=\"async\" loading=\"lazy\" class=\"wp-image-257 size-medium alignright\" src=\"https:\/\/bildwerfer.de\/wp-content\/uploads\/2020\/07\/016kamera-196x300.jpg\" alt=\"\" width=\"196\" height=\"300\" srcset=\"https:\/\/bildwerfer.de\/wp-content\/uploads\/2020\/07\/016kamera-196x300.jpg 196w, https:\/\/bildwerfer.de\/wp-content\/uploads\/2020\/07\/016kamera-669x1024.jpg 669w, https:\/\/bildwerfer.de\/wp-content\/uploads\/2020\/07\/016kamera-768x1175.jpg 768w, https:\/\/bildwerfer.de\/wp-content\/uploads\/2020\/07\/016kamera-1004x1536.jpg 1004w, https:\/\/bildwerfer.de\/wp-content\/uploads\/2020\/07\/016kamera-400x612.jpg 400w, https:\/\/bildwerfer.de\/wp-content\/uploads\/2020\/07\/016kamera-800x1224.jpg 800w, https:\/\/bildwerfer.de\/wp-content\/uploads\/2020\/07\/016kamera.jpg 1080w\" sizes=\"(max-width: 196px) 100vw, 196px\" \/>Eine st\u00e4ndige Begleitung ist das filmische Dokumentieren. Ob \u00fcber Tuareg im Niger, die Entwicklungshilfe im Sudan, eine Band in St. Petersburg oder einfach einen Stadtteil in G\u00f6ttingen (Die Weststadt), seine Arbeit hat ihn schon in ein Dutzend verschiedenster L\u00e4nder gebracht.<\/p>\n<p>2016 gr\u00fcndete er mit Sonja Elena Schroeder das Label \u201eBildwerfer\u201c. Auftakt f\u00fcr diese Zusammenarbeit war der Film \u201eMORGENLAND\u201c (Deutscher Menschenrechtsfilmpreis 2016), weitere Arbeiten waren (zum Beispiel) die Multiprojektionen, die das boat people songprojekt \u201eFLUTLICHT\u201c rahmten, das soziokulturelle Projekt &#8222;Stadtpiloten West&#8220;, der preisgekr\u00f6nte Kurzfilm &#8222;Scann mich nicht&#8220; oder der Musical-Film mit 160 Beteiligten &#8222;Westside Culture Clash&#8220;.<\/p>\n<p>&nbsp;<\/p>\n","protected":false},"excerpt":{"rendered":"<p>Thomas Kirchberg entdeckte fr\u00fch seine Leidenschaft f\u00fcr den Film und deb\u00fctierte mit seinem Kurz- Animationsfilm \u201eTEN\u201c auf den 4. Heidelberger Film und Videotagen, der p\u00e4dagogische Ansatz und das optimistische Ende lie\u00df den Film auf Festivals in der ganzen Republik laufen. \u00dcber Filmprojektionen in Theaterst\u00fccken und \u00fcber die Produktion von mittlerweile [&hellip;]<\/p>\n","protected":false},"author":1,"featured_media":0,"parent":0,"menu_order":0,"comment_status":"closed","ping_status":"closed","template":"","meta":{"ngg_post_thumbnail":0,"footnotes":""},"_links":{"self":[{"href":"https:\/\/bildwerfer.de\/index.php?rest_route=\/wp\/v2\/pages\/373"}],"collection":[{"href":"https:\/\/bildwerfer.de\/index.php?rest_route=\/wp\/v2\/pages"}],"about":[{"href":"https:\/\/bildwerfer.de\/index.php?rest_route=\/wp\/v2\/types\/page"}],"author":[{"embeddable":true,"href":"https:\/\/bildwerfer.de\/index.php?rest_route=\/wp\/v2\/users\/1"}],"replies":[{"embeddable":true,"href":"https:\/\/bildwerfer.de\/index.php?rest_route=%2Fwp%2Fv2%2Fcomments&post=373"}],"version-history":[{"count":10,"href":"https:\/\/bildwerfer.de\/index.php?rest_route=\/wp\/v2\/pages\/373\/revisions"}],"predecessor-version":[{"id":665,"href":"https:\/\/bildwerfer.de\/index.php?rest_route=\/wp\/v2\/pages\/373\/revisions\/665"}],"wp:attachment":[{"href":"https:\/\/bildwerfer.de\/index.php?rest_route=%2Fwp%2Fv2%2Fmedia&parent=373"}],"curies":[{"name":"wp","href":"https:\/\/api.w.org\/{rel}","templated":true}]}}

<p><img decoding="async" loading="lazy" class="size-medium wp-image-261 alignright" src="https://bildwerfer.de/wp-content/uploads/2020/07/tokio-im-hof-2-300x246.jpg" alt="" width="300" height="246" srcset="https://bildwerfer.de/wp-content/uploads/2020/07/tokio-im-hof-2-300x246.jpg 300w, https://bildwerfer.de/wp-content/uploads/2020/07/tokio-im-hof-2-1024x840.jpg 1024w, https://bildwerfer.de/wp-content/uploads/2020/07/tokio-im-hof-2-768x630.jpg 768w, https://bildwerfer.de/wp-content/uploads/2020/07/tokio-im-hof-2-1536x1260.jpg 1536w, https://bildwerfer.de/wp-content/uploads/2020/07/tokio-im-hof-2-1870x1534.jpg 1870w, https://bildwerfer.de/wp-content/uploads/2020/07/tokio-im-hof-2-400x328.jpg 400w, https://bildwerfer.de/wp-content/uploads/2020/07/tokio-im-hof-2-800x656.jpg 800w, https://bildwerfer.de/wp-content/uploads/2020/07/tokio-im-hof-2.jpg 1892w" sizes="(max-width: 300px) 100vw, 300px" /></p>
<p>Thomas Kirchberg entdeckte früh seine Leidenschaft für den Film und debütierte mit seinem Kurz- Animationsfilm „TEN“ auf den 4. Heidelberger Film und Videotagen, der pädagogische Ansatz und das optimistische Ende ließ den Film auf Festivals in der ganzen Republik laufen. Über Filmprojektionen in Theaterstücken und über die Produktion von mittlerweile über 30 Musikvideos kam er zum Werbefilm und zur Gründung einer ersten Produktionsfirma (SurfCut). Mittlerweile arbeitet er seit 25 Jahren hauptberuflich als freischaffender Filmemacher.</p>
<p>&nbsp;</p>
<p><img decoding="async" loading="lazy" class="size-medium wp-image-260 alignleft" src="https://bildwerfer.de/wp-content/uploads/2020/07/IMG_5504-300x200.jpg" alt="" width="300" height="200" srcset="https://bildwerfer.de/wp-content/uploads/2020/07/IMG_5504-300x200.jpg 300w, https://bildwerfer.de/wp-content/uploads/2020/07/IMG_5504-400x267.jpg 400w, https://bildwerfer.de/wp-content/uploads/2020/07/IMG_5504.jpg 640w" sizes="(max-width: 300px) 100vw, 300px" /></p>
<p>Durch diese Beschäftigung und diversen Dozententätigkeit ist er 2001 in den Vorstand der Landesarbeitsgemeinschaft Jugend und Film Niedersachsen berufen worden. Hier ist er für die praktische Jugendfilmarbeit als Sprecher der jungen Medienszene Niedersachsen zuständig. Seit 2019 sitzt er auch in den Vorständen der LKJ Niedersachsen und des Bundesverbands Jugend und Film. 2020 wurde er zum Vorsitzenden des Landesarbeitsgemeinschaft Jugend und Film Niedersachsen und zum stellvertretenden Vorsitzenden des Bundesverbands Jugend und Film gewählt. Darüber hinaus sitzt er in den Auswahlgremien des Kinoprogrammpreises Niedersachsen/Bremen (Nordmedia) und des Jugendkulturpreises Niedersachsen (Stiftung Niedersachsen).</p>
<p>&nbsp;</p>
<p><img decoding="async" loading="lazy" class="wp-image-257 size-medium alignright" src="https://bildwerfer.de/wp-content/uploads/2020/07/016kamera-196x300.jpg" alt="" width="196" height="300" srcset="https://bildwerfer.de/wp-content/uploads/2020/07/016kamera-196x300.jpg 196w, https://bildwerfer.de/wp-content/uploads/2020/07/016kamera-669x1024.jpg 669w, https://bildwerfer.de/wp-content/uploads/2020/07/016kamera-768x1175.jpg 768w, https://bildwerfer.de/wp-content/uploads/2020/07/016kamera-1004x1536.jpg 1004w, https://bildwerfer.de/wp-content/uploads/2020/07/016kamera-400x612.jpg 400w, https://bildwerfer.de/wp-content/uploads/2020/07/016kamera-800x1224.jpg 800w, https://bildwerfer.de/wp-content/uploads/2020/07/016kamera.jpg 1080w" sizes="(max-width: 196px) 100vw, 196px" />Eine ständige Begleitung ist das filmische Dokumentieren. Ob über Tuareg im Niger, die Entwicklungshilfe im Sudan, eine Band in St. Petersburg oder einfach einen Stadtteil in Göttingen (Die Weststadt), seine Arbeit hat ihn schon in ein Dutzend verschiedenster Länder gebracht.</p>
<p>2016 gründete er mit Sonja Elena Schroeder das Label „Bildwerfer“. Auftakt für diese Zusammenarbeit war der Film „MORGENLAND“ (Deutscher Menschenrechtsfilmpreis 2016), weitere Arbeiten waren (zum Beispiel) die Multiprojektionen, die das boat people songprojekt „FLUTLICHT“ rahmten, das soziokulturelle Projekt &#8222;Stadtpiloten West&#8220;, der preisgekrönte Kurzfilm &#8222;Scann mich nicht&#8220; oder der Musical-Film mit 160 Beteiligten &#8222;Westside Culture Clash&#8220;.</p>
<p>&nbsp;</p>

<p>Thomas Kirchberg entdeckte früh seine Leidenschaft für den Film und debütierte mit seinem Kurz- Animationsfilm „TEN“ auf den 4. Heidelberger Film und Videotagen, der pädagogische Ansatz und das optimistische Ende ließ den Film auf Festivals in der ganzen Republik laufen. Über Filmprojektionen in Theaterstücken und über die Produktion von mittlerweile [&hellip;]</p>
