{"id":564,"date":"2021-04-10T15:42:12","date_gmt":"2021-04-10T13:42:12","guid":{"rendered":"https:\/\/bildwerfer.de\/?page_id=564"},"modified":"2023-08-08T22:12:53","modified_gmt":"2023-08-08T20:12:53","slug":"hestia-front","status":"publish","type":"page","link":"https:\/\/bildwerfer.de\/","title":{"rendered":"Bildwerfer &#8211; Crossmediale Kulturprojekte"},"content":{"rendered":"<p><img decoding=\"async\" loading=\"lazy\" class=\"aligncenter wp-image-578\" src=\"https:\/\/bildwerfer.de\/wp-content\/uploads\/2020\/07\/cropped-SUCH-MICH-17-Dreh-300x169.jpg\" alt=\"\" width=\"600\" height=\"338\" srcset=\"https:\/\/bildwerfer.de\/wp-content\/uploads\/2020\/07\/cropped-SUCH-MICH-17-Dreh-300x169.jpg 300w, https:\/\/bildwerfer.de\/wp-content\/uploads\/2020\/07\/cropped-SUCH-MICH-17-Dreh-1024x576.jpg 1024w, https:\/\/bildwerfer.de\/wp-content\/uploads\/2020\/07\/cropped-SUCH-MICH-17-Dreh-768x432.jpg 768w, https:\/\/bildwerfer.de\/wp-content\/uploads\/2020\/07\/cropped-SUCH-MICH-17-Dreh-1536x864.jpg 1536w, https:\/\/bildwerfer.de\/wp-content\/uploads\/2020\/07\/cropped-SUCH-MICH-17-Dreh-250x141.jpg 250w, https:\/\/bildwerfer.de\/wp-content\/uploads\/2020\/07\/cropped-SUCH-MICH-17-Dreh.jpg 1919w\" sizes=\"(max-width: 600px) 100vw, 600px\" \/><\/p>\n<p style=\"padding-left: 40px;\">Bildwerfer ist das Label unter dem Sonja Elena Schroeder und Thomas Kirchberg ihre interdisziplin\u00e4re k\u00fcnstlerische Zusammenarbeit fortsetzen wollen.<\/p>\n<p style=\"padding-left: 40px;\">Ihre Affinit\u00e4t zu theatralen und medialen Bildern erm\u00f6glicht eine breite Pr\u00e4sentations- und Arbeitsweise. Ob in medialen Bildteppichen, die zu B\u00fchnenbildern f\u00fcr Theaterst\u00fccke werden oder in klassischer Filmarbeit, die Prozesshaftigkeit der k\u00fcnstlerischen Auseinandersetzung steht bei beiden im Zentrum ihrer Arbeit.<\/p>\n<p style=\"padding-left: 40px;\">Ihre langj\u00e4hrige Erfahrung als freischaffende Film- und Theatermacher*innen, sowohl in der Arbeit mit Jugendlichen als auch im professionellen Bereich, ist in allen realisierten Projekten sp\u00fcrbar.<\/p>\n<p style=\"padding-left: 40px;\">Mit dem Tr\u00e4ger des deutschen Roten Kreuzes und Aktion Mensch entstand 2013 ein kleiner Film, \u201eStarwars, der Clown wars\u201c mit zwei Jungs aus der Tannenberg und aus der Heinrich-B\u00f6ll Schule G\u00f6ttingen.<\/p>\n<p style=\"padding-left: 40px;\">2015 entstand in Zusammenarbeit mit Hans Kaul und Luise Rist der Film \u201eMorgenland\u201c, ein Kooperationsprojekt mit der Jugendhilfe S\u00fcdniedersachsen, der LAG Jugend und Film und dem Migrationszentrum mit jugendlichen minderj\u00e4hrig Geflohenen des jungen boat people projekts, der 2016 den Deutschen Menschenrechtsfilmpreis gewann.<\/p>\n<p style=\"padding-left: 40px;\">Die Pr\u00e4sentation des preisgekr\u00f6nten Jugendopernprojekts \u201eFamilienbande-Faramondo\u201c auf der Expo 2015 in Mailand wurde ma\u00dfgeblich von den beiden gestaltet. Im boat people song projekt \u201eFlutlicht\u201c flie\u00dfen die B\u00fchnen- und Videogestaltung ineinander.<\/p>\n<p style=\"padding-left: 40px;\">2016 entstand mit SUCH MICH! ein Nachfolgefilmprojekt des preisgekr\u00f6nten MORGENLANDs. Im Fr\u00fchjahr 2017 liefen die Filme gemeinsam bei den Schulkinowochen in Niedersachsen.<\/p>\n<p style=\"padding-left: 40px;\">Der Musical-Langfilm \u201eWestside Culture Clash- F\u00fcr die Familie\u201c, 2018, mit ungef\u00e4hr 120 Mitwirkenden unterschiedlicher G\u00f6ttinger Gruppen, wurde mit dem F\u00f6rderpreis des Musikland Niedersachsens ausgezeichnet.<\/p>\n<p style=\"padding-left: 40px;\">Die Jugendoper \u201eEzio- Game of Rome\u201c der Internationalen H\u00e4ndelfestspielen G\u00f6ttingen, die im Mai 2020 in der G\u00f6ttinger Lokhalle Premiere haben solle, musste leider Corona bedingt umdisponiert werden. Videoarbeiten, die Game\u00e4sthetik und live-Kameras vereinen sollten hier zum Einsatz kommen\u2026 Jugendliche arbeiten in Workshops an der alternativ Umsetzung.<\/p>\n<p>&nbsp;<\/p>\n<p><img decoding=\"async\" loading=\"lazy\" class=\"aligncenter wp-image-171\" src=\"https:\/\/bildwerfer.de\/wp-content\/uploads\/2020\/07\/Hitler-4-1-1024x576.jpg\" alt=\"\" width=\"600\" height=\"338\" srcset=\"https:\/\/bildwerfer.de\/wp-content\/uploads\/2020\/07\/Hitler-4-1-1024x576.jpg 1024w, https:\/\/bildwerfer.de\/wp-content\/uploads\/2020\/07\/Hitler-4-1-300x169.jpg 300w, https:\/\/bildwerfer.de\/wp-content\/uploads\/2020\/07\/Hitler-4-1-768x432.jpg 768w, https:\/\/bildwerfer.de\/wp-content\/uploads\/2020\/07\/Hitler-4-1-1536x865.jpg 1536w, https:\/\/bildwerfer.de\/wp-content\/uploads\/2020\/07\/Hitler-4-1-2048x1153.jpg 2048w, https:\/\/bildwerfer.de\/wp-content\/uploads\/2020\/07\/Hitler-4-1-1870x1053.jpg 1870w, https:\/\/bildwerfer.de\/wp-content\/uploads\/2020\/07\/Hitler-4-1-400x225.jpg 400w, https:\/\/bildwerfer.de\/wp-content\/uploads\/2020\/07\/Hitler-4-1-800x450.jpg 800w\" sizes=\"(max-width: 600px) 100vw, 600px\" \/><\/p>\n","protected":false},"excerpt":{"rendered":"<p>Bildwerfer ist das Label unter dem Sonja Elena Schroeder und Thomas Kirchberg ihre interdisziplin\u00e4re k\u00fcnstlerische Zusammenarbeit fortsetzen wollen. Ihre Affinit\u00e4t zu theatralen und medialen Bildern erm\u00f6glicht eine breite Pr\u00e4sentations- und Arbeitsweise. Ob in medialen Bildteppichen, die zu B\u00fchnenbildern f\u00fcr Theaterst\u00fccke werden oder in klassischer Filmarbeit, die Prozesshaftigkeit der k\u00fcnstlerischen Auseinandersetzung [&hellip;]<\/p>\n","protected":false},"author":1,"featured_media":0,"parent":0,"menu_order":0,"comment_status":"closed","ping_status":"closed","template":"","meta":{"ngg_post_thumbnail":0,"footnotes":""},"_links":{"self":[{"href":"https:\/\/bildwerfer.de\/index.php?rest_route=\/wp\/v2\/pages\/564"}],"collection":[{"href":"https:\/\/bildwerfer.de\/index.php?rest_route=\/wp\/v2\/pages"}],"about":[{"href":"https:\/\/bildwerfer.de\/index.php?rest_route=\/wp\/v2\/types\/page"}],"author":[{"embeddable":true,"href":"https:\/\/bildwerfer.de\/index.php?rest_route=\/wp\/v2\/users\/1"}],"replies":[{"embeddable":true,"href":"https:\/\/bildwerfer.de\/index.php?rest_route=%2Fwp%2Fv2%2Fcomments&post=564"}],"version-history":[{"count":10,"href":"https:\/\/bildwerfer.de\/index.php?rest_route=\/wp\/v2\/pages\/564\/revisions"}],"predecessor-version":[{"id":863,"href":"https:\/\/bildwerfer.de\/index.php?rest_route=\/wp\/v2\/pages\/564\/revisions\/863"}],"wp:attachment":[{"href":"https:\/\/bildwerfer.de\/index.php?rest_route=%2Fwp%2Fv2%2Fmedia&parent=564"}],"curies":[{"name":"wp","href":"https:\/\/api.w.org\/{rel}","templated":true}]}}